{"id":2969,"date":"2025-03-13T08:54:29","date_gmt":"2025-03-13T07:54:29","guid":{"rendered":"https:\/\/xn--kersbergaelektriska-zwb.se\/?page_id=2969"},"modified":"2025-03-30T19:36:53","modified_gmt":"2025-03-30T17:36:53","slug":"om-oss-elektriker-taby","status":"publish","type":"page","link":"https:\/\/xn--tbyelektriska-bfb.se\/?page_id=2969","title":{"rendered":"Om Oss"},"content":{"rendered":"","protected":false},"excerpt":{"rendered":"","protected":false},"author":1,"featured_media":0,"parent":0,"menu_order":0,"comment_status":"closed","ping_status":"closed","template":"","meta":{"_uag_custom_page_level_css":"","site-sidebar-layout":"no-sidebar","site-content-layout":"page-builder","ast-site-content-layout":"full-width-container","site-content-style":"default","site-sidebar-style":"default","ast-global-header-display":"","ast-banner-title-visibility":"","ast-main-header-display":"","ast-hfb-above-header-display":"","ast-hfb-below-header-display":"","ast-hfb-mobile-header-display":"","site-post-title":"disabled","ast-breadcrumbs-content":"","ast-featured-img":"disabled","footer-sml-layout":"","theme-transparent-header-meta":"","adv-header-id-meta":"","stick-header-meta":"","header-above-stick-meta":"","header-main-stick-meta":"","header-below-stick-meta":"","astra-migrate-meta-layouts":"set","ast-page-background-enabled":"default","ast-page-background-meta":{"desktop":{"background-color":"var(--ast-global-color-4)","background-image":"","background-repeat":"repeat","background-position":"center center","background-size":"auto","background-attachment":"scroll","background-type":"","background-media":"","overlay-type":"","overlay-color":"","overlay-opacity":"","overlay-gradient":""},"tablet":{"background-color":"","background-image":"","background-repeat":"repeat","background-position":"center center","background-size":"auto","background-attachment":"scroll","background-type":"","background-media":"","overlay-type":"","overlay-color":"","overlay-opacity":"","overlay-gradient":""},"mobile":{"background-color":"","background-image":"","background-repeat":"repeat","background-position":"center center","background-size":"auto","background-attachment":"scroll","background-type":"","background-media":"","overlay-type":"","overlay-color":"","overlay-opacity":"","overlay-gradient":""}},"ast-content-background-meta":{"desktop":{"background-color":"var(--ast-global-color-5)","background-image":"","background-repeat":"repeat","background-position":"center center","background-size":"auto","background-attachment":"scroll","background-type":"","background-media":"","overlay-type":"","overlay-color":"","overlay-opacity":"","overlay-gradient":""},"tablet":{"background-color":"var(--ast-global-color-5)","background-image":"","background-repeat":"repeat","background-position":"center center","background-size":"auto","background-attachment":"scroll","background-type":"","background-media":"","overlay-type":"","overlay-color":"","overlay-opacity":"","overlay-gradient":""},"mobile":{"background-color":"var(--ast-global-color-5)","background-image":"","background-repeat":"repeat","background-position":"center center","background-size":"auto","background-attachment":"scroll","background-type":"","background-media":"","overlay-type":"","overlay-color":"","overlay-opacity":"","overlay-gradient":""}},"footnotes":""},"class_list":["post-2969","page","type-page","status-publish","hentry"],"yoast_head":"<!-- This site is optimized with the Yoast SEO plugin v25.1 - https:\/\/yoast.com\/wordpress\/plugins\/seo\/ -->\n<title>Om Oss - Beh\u00f6riga Elektriker i T\u00e4by med Kvalitet i Fokus<\/title>\n<meta name=\"description\" content=\"Erfarna och beh\u00f6riga elektriker i T\u00e4by. L\u00e4s mer om v\u00e5rt team, v\u00e5r expertis och v\u00e5rt engagemang f\u00f6r s\u00e4kra elinstallationer.\" \/>\n<meta name=\"robots\" content=\"index, follow, max-snippet:-1, max-image-preview:large, max-video-preview:-1\" \/>\n<link rel=\"canonical\" href=\"https:\/\/www.xn--tbyelektriska-bfb.se\/?page_id=2969\" \/>\n<meta property=\"og:locale\" content=\"sv_SE\" \/>\n<meta property=\"og:type\" content=\"article\" \/>\n<meta property=\"og:title\" content=\"Om Oss - Beh\u00f6riga Elektriker i T\u00e4by med Kvalitet i Fokus\" \/>\n<meta property=\"og:description\" content=\"Erfarna och beh\u00f6riga elektriker i T\u00e4by. L\u00e4s mer om v\u00e5rt team, v\u00e5r expertis och v\u00e5rt engagemang f\u00f6r s\u00e4kra elinstallationer.\" \/>\n<meta property=\"og:url\" content=\"https:\/\/www.xn--tbyelektriska-bfb.se\/?page_id=2969\" \/>\n<meta property=\"og:site_name\" content=\"Elektriker T\u00e4by\" \/>\n<meta property=\"article:publisher\" content=\"https:\/\/www.facebook.com\/profile.php?id=61555924331954\" \/>\n<meta property=\"article:modified_time\" content=\"2025-03-30T17:36:53+00:00\" \/>\n<meta name=\"twitter:card\" content=\"summary_large_image\" \/>\n<script type=\"application\/ld+json\" class=\"yoast-schema-graph\">{\"@context\":\"https:\/\/schema.org\",\"@graph\":[{\"@type\":\"WebPage\",\"@id\":\"https:\/\/www.xn--tbyelektriska-bfb.se\/?page_id=2969\",\"url\":\"https:\/\/www.xn--tbyelektriska-bfb.se\/?page_id=2969\",\"name\":\"Om Oss - Beh\u00f6riga Elektriker i T\u00e4by med Kvalitet i Fokus\",\"isPartOf\":{\"@id\":\"https:\/\/xn--tbyelektriska-bfb.se\/#website\"},\"datePublished\":\"2025-03-13T07:54:29+00:00\",\"dateModified\":\"2025-03-30T17:36:53+00:00\",\"description\":\"Erfarna och beh\u00f6riga elektriker i T\u00e4by. L\u00e4s mer om v\u00e5rt team, v\u00e5r expertis och v\u00e5rt engagemang f\u00f6r s\u00e4kra elinstallationer.\",\"breadcrumb\":{\"@id\":\"https:\/\/www.xn--tbyelektriska-bfb.se\/?page_id=2969#breadcrumb\"},\"inLanguage\":\"sv-SE\",\"potentialAction\":[{\"@type\":\"ReadAction\",\"target\":[\"https:\/\/www.xn--tbyelektriska-bfb.se\/?page_id=2969\"]}]},{\"@type\":\"BreadcrumbList\",\"@id\":\"https:\/\/www.xn--tbyelektriska-bfb.se\/?page_id=2969#breadcrumb\",\"itemListElement\":[{\"@type\":\"ListItem\",\"position\":1,\"name\":\"Home\",\"item\":\"https:\/\/xn--tbyelektriska-bfb.se\/\"},{\"@type\":\"ListItem\",\"position\":2,\"name\":\"Om Oss\"}]},{\"@type\":\"WebSite\",\"@id\":\"https:\/\/xn--tbyelektriska-bfb.se\/#website\",\"url\":\"https:\/\/xn--tbyelektriska-bfb.se\/\",\"name\":\"Elektriker \u00c5kersberga och Stockholm - ElektrikerNu i Sverige AB\",\"description\":\"elektriker-t\u00e4by\",\"publisher\":{\"@id\":\"https:\/\/xn--tbyelektriska-bfb.se\/#organization\"},\"potentialAction\":[{\"@type\":\"SearchAction\",\"target\":{\"@type\":\"EntryPoint\",\"urlTemplate\":\"https:\/\/xn--tbyelektriska-bfb.se\/?s={search_term_string}\"},\"query-input\":{\"@type\":\"PropertyValueSpecification\",\"valueRequired\":true,\"valueName\":\"search_term_string\"}}],\"inLanguage\":\"sv-SE\"},{\"@type\":\"Organization\",\"@id\":\"https:\/\/xn--tbyelektriska-bfb.se\/#organization\",\"name\":\"ElektrikerNu i Sverige AB\",\"url\":\"https:\/\/xn--tbyelektriska-bfb.se\/\",\"logo\":{\"@type\":\"ImageObject\",\"inLanguage\":\"sv-SE\",\"@id\":\"https:\/\/xn--tbyelektriska-bfb.se\/#\/schema\/logo\/image\/\",\"url\":\"https:\/\/xn--tbyelektriska-bfb.se\/wp-content\/uploads\/2025\/03\/cropped-Logo-23-1.webp\",\"contentUrl\":\"https:\/\/xn--tbyelektriska-bfb.se\/wp-content\/uploads\/2025\/03\/cropped-Logo-23-1.webp\",\"width\":1920,\"height\":639,\"caption\":\"ElektrikerNu i Sverige AB\"},\"image\":{\"@id\":\"https:\/\/xn--tbyelektriska-bfb.se\/#\/schema\/logo\/image\/\"},\"sameAs\":[\"https:\/\/www.facebook.com\/profile.php?id=61555924331954\",\"https:\/\/www.instagram.com\/elektrikernu\/\"]}]}<\/script>\n<!-- \/ Yoast SEO plugin. -->","yoast_head_json":{"title":"Om Oss - Beh\u00f6riga Elektriker i T\u00e4by med Kvalitet i Fokus","description":"Erfarna och beh\u00f6riga elektriker i T\u00e4by. L\u00e4s mer om v\u00e5rt team, v\u00e5r expertis och v\u00e5rt engagemang f\u00f6r s\u00e4kra elinstallationer.","robots":{"index":"index","follow":"follow","max-snippet":"max-snippet:-1","max-image-preview":"max-image-preview:large","max-video-preview":"max-video-preview:-1"},"canonical":"https:\/\/www.xn--tbyelektriska-bfb.se\/?page_id=2969","og_locale":"sv_SE","og_type":"article","og_title":"Om Oss - Beh\u00f6riga Elektriker i T\u00e4by med Kvalitet i Fokus","og_description":"Erfarna och beh\u00f6riga elektriker i T\u00e4by. L\u00e4s mer om v\u00e5rt team, v\u00e5r expertis och v\u00e5rt engagemang f\u00f6r s\u00e4kra elinstallationer.","og_url":"https:\/\/www.xn--tbyelektriska-bfb.se\/?page_id=2969","og_site_name":"Elektriker T\u00e4by","article_publisher":"https:\/\/www.facebook.com\/profile.php?id=61555924331954","article_modified_time":"2025-03-30T17:36:53+00:00","twitter_card":"summary_large_image","schema":{"@context":"https:\/\/schema.org","@graph":[{"@type":"WebPage","@id":"https:\/\/www.xn--tbyelektriska-bfb.se\/?page_id=2969","url":"https:\/\/www.xn--tbyelektriska-bfb.se\/?page_id=2969","name":"Om Oss - Beh\u00f6riga Elektriker i T\u00e4by med Kvalitet i Fokus","isPartOf":{"@id":"https:\/\/xn--tbyelektriska-bfb.se\/#website"},"datePublished":"2025-03-13T07:54:29+00:00","dateModified":"2025-03-30T17:36:53+00:00","description":"Erfarna och beh\u00f6riga elektriker i T\u00e4by. L\u00e4s mer om v\u00e5rt team, v\u00e5r expertis och v\u00e5rt engagemang f\u00f6r s\u00e4kra elinstallationer.","breadcrumb":{"@id":"https:\/\/www.xn--tbyelektriska-bfb.se\/?page_id=2969#breadcrumb"},"inLanguage":"sv-SE","potentialAction":[{"@type":"ReadAction","target":["https:\/\/www.xn--tbyelektriska-bfb.se\/?page_id=2969"]}]},{"@type":"BreadcrumbList","@id":"https:\/\/www.xn--tbyelektriska-bfb.se\/?page_id=2969#breadcrumb","itemListElement":[{"@type":"ListItem","position":1,"name":"Home","item":"https:\/\/xn--tbyelektriska-bfb.se\/"},{"@type":"ListItem","position":2,"name":"Om Oss"}]},{"@type":"WebSite","@id":"https:\/\/xn--tbyelektriska-bfb.se\/#website","url":"https:\/\/xn--tbyelektriska-bfb.se\/","name":"Elektriker \u00c5kersberga och Stockholm - ElektrikerNu i Sverige AB","description":"elektriker-t\u00e4by","publisher":{"@id":"https:\/\/xn--tbyelektriska-bfb.se\/#organization"},"potentialAction":[{"@type":"SearchAction","target":{"@type":"EntryPoint","urlTemplate":"https:\/\/xn--tbyelektriska-bfb.se\/?s={search_term_string}"},"query-input":{"@type":"PropertyValueSpecification","valueRequired":true,"valueName":"search_term_string"}}],"inLanguage":"sv-SE"},{"@type":"Organization","@id":"https:\/\/xn--tbyelektriska-bfb.se\/#organization","name":"ElektrikerNu i Sverige AB","url":"https:\/\/xn--tbyelektriska-bfb.se\/","logo":{"@type":"ImageObject","inLanguage":"sv-SE","@id":"https:\/\/xn--tbyelektriska-bfb.se\/#\/schema\/logo\/image\/","url":"https:\/\/xn--tbyelektriska-bfb.se\/wp-content\/uploads\/2025\/03\/cropped-Logo-23-1.webp","contentUrl":"https:\/\/xn--tbyelektriska-bfb.se\/wp-content\/uploads\/2025\/03\/cropped-Logo-23-1.webp","width":1920,"height":639,"caption":"ElektrikerNu i Sverige AB"},"image":{"@id":"https:\/\/xn--tbyelektriska-bfb.se\/#\/schema\/logo\/image\/"},"sameAs":["https:\/\/www.facebook.com\/profile.php?id=61555924331954","https:\/\/www.instagram.com\/elektrikernu\/"]}]}},"uagb_featured_image_src":{"full":false,"thumbnail":false,"medium":false,"medium_large":false,"large":false,"1536x1536":false,"2048x2048":false},"uagb_author_info":{"display_name":"ruzzel.jk@gmail.com","author_link":"https:\/\/xn--tbyelektriska-bfb.se\/?author=1"},"uagb_comment_info":0,"uagb_excerpt":null,"_links":{"self":[{"href":"https:\/\/xn--tbyelektriska-bfb.se\/index.php?rest_route=\/wp\/v2\/pages\/2969","targetHints":{"allow":["GET"]}}],"collection":[{"href":"https:\/\/xn--tbyelektriska-bfb.se\/index.php?rest_route=\/wp\/v2\/pages"}],"about":[{"href":"https:\/\/xn--tbyelektriska-bfb.se\/index.php?rest_route=\/wp\/v2\/types\/page"}],"author":[{"embeddable":true,"href":"https:\/\/xn--tbyelektriska-bfb.se\/index.php?rest_route=\/wp\/v2\/users\/1"}],"replies":[{"embeddable":true,"href":"https:\/\/xn--tbyelektriska-bfb.se\/index.php?rest_route=%2Fwp%2Fv2%2Fcomments&post=2969"}],"version-history":[{"count":1,"href":"https:\/\/xn--tbyelektriska-bfb.se\/index.php?rest_route=\/wp\/v2\/pages\/2969\/revisions"}],"predecessor-version":[{"id":2970,"href":"https:\/\/xn--tbyelektriska-bfb.se\/index.php?rest_route=\/wp\/v2\/pages\/2969\/revisions\/2970"}],"wp:attachment":[{"href":"https:\/\/xn--tbyelektriska-bfb.se\/index.php?rest_route=%2Fwp%2Fv2%2Fmedia&parent=2969"}],"curies":[{"name":"wp","href":"https:\/\/api.w.org\/{rel}","templated":true}]}}